{"id":172,"date":"2023-04-06T15:17:57","date_gmt":"2023-04-06T15:17:57","guid":{"rendered":"https:\/\/globalcointernational.com\/?page_id=172"},"modified":"2023-10-06T13:39:10","modified_gmt":"2023-10-06T13:39:10","slug":"politicas-de-privacidad","status":"publish","type":"page","link":"https:\/\/globalcointernational.com\/index.php\/politicas-de-privacidad\/","title":{"rendered":"Pol\u00edticas de Privacidad"},"content":{"rendered":"\t\t<div data-elementor-type=\"wp-page\" data-elementor-id=\"172\" class=\"elementor elementor-172\">\n\t\t\t\t\t\t\t\t\t<section class=\"elementor-section elementor-top-section elementor-element elementor-element-1c85fd1 elementor-section-full_width elementor-section-height-default elementor-section-height-default\" data-id=\"1c85fd1\" data-element_type=\"section\" data-settings=\"{&quot;background_background&quot;:&quot;slideshow&quot;,&quot;background_slideshow_gallery&quot;:[{&quot;id&quot;:142,&quot;url&quot;:&quot;https:\\\/\\\/globalcointernational.com\\\/wp-content\\\/uploads\\\/2023\\\/04\\\/port-gab4335771_1920.jpg&quot;},{&quot;id&quot;:143,&quot;url&quot;:&quot;https:\\\/\\\/globalcointernational.com\\\/wp-content\\\/uploads\\\/2023\\\/04\\\/at-dusk-gb3bb79b5a_1920.jpg&quot;}],&quot;background_slideshow_loop&quot;:&quot;yes&quot;,&quot;background_slideshow_slide_duration&quot;:5000,&quot;background_slideshow_slide_transition&quot;:&quot;fade&quot;,&quot;background_slideshow_transition_duration&quot;:500}\">\n\t\t\t\t\t\t\t<div class=\"elementor-background-overlay\"><\/div>\n\t\t\t\t\t\t\t<div class=\"elementor-container elementor-column-gap-no\">\n\t\t\t\t\t<div class=\"elementor-column elementor-col-100 elementor-top-column elementor-element elementor-element-c2a94b3\" data-id=\"c2a94b3\" data-element_type=\"column\">\n\t\t\t<div class=\"elementor-widget-wrap\">\n\t\t\t\t\t\t\t\t\t<\/div>\n\t\t<\/div>\n\t\t\t\t\t\t\t<\/div>\n\t\t<\/section>\n\t\t\t\t<section class=\"elementor-section elementor-top-section elementor-element elementor-element-63394fa elementor-section-boxed elementor-section-height-default elementor-section-height-default\" data-id=\"63394fa\" data-element_type=\"section\">\n\t\t\t\t\t\t<div class=\"elementor-container elementor-column-gap-default\">\n\t\t\t\t\t<div class=\"elementor-column elementor-col-100 elementor-top-column elementor-element elementor-element-eb91584\" data-id=\"eb91584\" data-element_type=\"column\">\n\t\t\t<div class=\"elementor-widget-wrap elementor-element-populated\">\n\t\t\t\t\t\t\t\t<section class=\"elementor-section elementor-inner-section elementor-element elementor-element-b277aaf elementor-section-full_width elementor-section-height-default elementor-section-height-default elementor-invisible\" data-id=\"b277aaf\" data-element_type=\"section\" data-settings=\"{&quot;animation&quot;:&quot;zoomIn&quot;}\">\n\t\t\t\t\t\t<div class=\"elementor-container elementor-column-gap-no\">\n\t\t\t\t\t<div class=\"elementor-column elementor-col-100 elementor-inner-column elementor-element elementor-element-9bb169d\" data-id=\"9bb169d\" data-element_type=\"column\">\n\t\t\t<div class=\"elementor-widget-wrap elementor-element-populated\">\n\t\t\t\t\t\t\t\t<div class=\"elementor-element elementor-element-5eb9fd7 elementor-widget elementor-widget-heading\" data-id=\"5eb9fd7\" data-element_type=\"widget\" data-settings=\"{&quot;_animation&quot;:&quot;none&quot;}\" data-widget_type=\"heading.default\">\n\t\t\t\t<div class=\"elementor-widget-container\">\n\t\t\t<style>\/*! elementor - v3.17.0 - 08-11-2023 *\/\n.elementor-heading-title{padding:0;margin:0;line-height:1}.elementor-widget-heading .elementor-heading-title[class*=elementor-size-]>a{color:inherit;font-size:inherit;line-height:inherit}.elementor-widget-heading .elementor-heading-title.elementor-size-small{font-size:15px}.elementor-widget-heading .elementor-heading-title.elementor-size-medium{font-size:19px}.elementor-widget-heading .elementor-heading-title.elementor-size-large{font-size:29px}.elementor-widget-heading .elementor-heading-title.elementor-size-xl{font-size:39px}.elementor-widget-heading .elementor-heading-title.elementor-size-xxl{font-size:59px}<\/style><h2 class=\"elementor-heading-title elementor-size-default\">Pol\u00edticas de  Privacidad<\/h2>\t\t<\/div>\n\t\t\t\t<\/div>\n\t\t\t\t\t<\/div>\n\t\t<\/div>\n\t\t\t\t\t\t\t<\/div>\n\t\t<\/section>\n\t\t\t\t<div class=\"elementor-element elementor-element-ee13e9d elementor-widget elementor-widget-text-editor\" data-id=\"ee13e9d\" data-element_type=\"widget\" data-widget_type=\"text-editor.default\">\n\t\t\t\t<div class=\"elementor-widget-container\">\n\t\t\t<style>\/*! elementor - v3.17.0 - 08-11-2023 *\/\n.elementor-widget-text-editor.elementor-drop-cap-view-stacked .elementor-drop-cap{background-color:#69727d;color:#fff}.elementor-widget-text-editor.elementor-drop-cap-view-framed .elementor-drop-cap{color:#69727d;border:3px solid;background-color:transparent}.elementor-widget-text-editor:not(.elementor-drop-cap-view-default) .elementor-drop-cap{margin-top:8px}.elementor-widget-text-editor:not(.elementor-drop-cap-view-default) .elementor-drop-cap-letter{width:1em;height:1em}.elementor-widget-text-editor .elementor-drop-cap{float:left;text-align:center;line-height:1;font-size:50px}.elementor-widget-text-editor .elementor-drop-cap-letter{display:inline-block}<\/style>\t\t\t\t<p>Informaci\u00f3n adicional<\/p>\n<p>En cumplimiento de lo establecido en la normativa de protecci\u00f3n de datos le informamos de los siguientes aspectos:<\/p>\n<p><b>Identificaci\u00f3n del Responsable de Tratamiento:<\/b><\/p>\n<ul>\n<li>Identidad: NINGBO GLOBALCO&nbsp;INTERNATIONAL TRADE CO., LTD (EN ADELANTE, GLOBALCO)<\/li>\n<li>Direcci\u00f3n: Ningbo<span style=\"font-family: 'Helvetica Neue'; font-size: 13px; color: var( --e-global-color-text );\">, China.&nbsp;<\/span><\/li>\n<li>Correo electr\u00f3nico: <a href=\"mailto:privacidad@elrosado.com\">globalco@globalcointernational.com<\/a><\/li>\n<li>Delegado de Protecci\u00f3n de Datos: <a href=\"mailto:privacidad@elrosado.com\">globalco@globalcointernational.com<\/a><\/li>\n<\/ul>\n<p><b><br><\/b><\/p>\n<p><b>Finalidad del Tratamiento de sus datos personales:<\/b><\/p>\n<p>GLOBALCO lleva a cabo el tratamiento de los datos personales de los que Usted es titular a trav\u00e9s de sistemas de informaci\u00f3n automatizados y no automatizados, tales como servidores de correo electr\u00f3nico, aplicaciones inform\u00e1ticas, documentaci\u00f3n en papel, entre otros, con la finalidad de llevar a cabo, correctamente, la gesti\u00f3n profesional y la relaci\u00f3n comercial, as\u00ed como el contacto con Usted para posibilitar la prestaci\u00f3n efectiva del servicio contratado, la facturaci\u00f3n de nuestros productos y servicios, la gesti\u00f3n del servicio de postventa y la tramitaci\u00f3n de sus dudas, sugerencias o potenciales reclamaciones.<\/p>\n<p><b>Legitimaci\u00f3n para el tratamiento de sus datos:<\/b><\/p>\n<p>La base legal para el tratamiento de sus datos es la aprobaci\u00f3n de un contrato, seg\u00fan los t\u00e9rminos y condiciones detallados. Para el resto de los tratamientos se solicitar\u00e1 su consentimiento, el cual puede revocar en cualquier momento.<\/p>\n<p>Los datos s\u00f3lo podr\u00e1n ser utilizados para los fines expuestos en el anterior ep\u00edgrafe, de acuerdo con los principios rectores de la normativa en materia de protecci\u00f3n de datos personales. La negativa a suministrar los datos personales solicitados, o la entrega de datos inexactos o incompletos, podr\u00eda ocasionar la imposibilidad de prestaci\u00f3n del servicio. Usted se hace responsable de la veracidad de los datos facilitados, as\u00ed como de comunicar a&nbsp;GLOBALCO&nbsp;cualquier modificaci\u00f3n de los mismos.<\/p>\n<p><b>Comunicaci\u00f3n o Cesi\u00f3n de datos y Transferencias Internacionales de Datos:<\/b><\/p>\n<p>Los datos ser\u00e1n cedidos en aquellos casos en que as\u00ed se exija legalmente a las entidades p\u00fablicas con competencia en la materia o autoridades competentes.<\/p>\n<p>Asimismo, con ocasi\u00f3n del uso de herramientas corporativas, cuyos servidores se encuentran alojados en EE.UU., los datos personales est\u00e1n sujetos a transferencias internacionales de datos. No obstante, dicha transferencia internacional de datos cuenta con todas las garant\u00edas de seguridad dado que nuestros proveedores se encuentran adheridos a las cl\u00e1usulas contractuales tipo, que dota a la transferencia internacional de los datos de las garant\u00edas de seguridad necesarias. Dicha transferencia internacional se sustentar\u00e1 de igual forma mediante el instrumento jur\u00eddico que establezca a futuro la Superintendencia de Protecci\u00f3n de Datos de Ecuador.<\/p>\n<p><b>Derechos:<\/b><\/p>\n<p>Cualquier persona tiene derecho a obtener confirmaci\u00f3n sobre si en&nbsp;GLOBALCO&nbsp;estamos tratando datos personales que les conciernan, y en tal caso, <b>derecho de acceso<\/b> a sus datos personales, a los fines del tratamiento, y a las categor\u00edas de datos personales de que se trate.<\/p>\n<p>Asimismo, tendr\u00e1 derecho a solicitar la&nbsp;<b>rectificaci\u00f3n y actualizaci\u00f3n<\/b>&nbsp;de los datos inexactos o, en su caso, solicitar su&nbsp;<b>supresi\u00f3n o eliminaci\u00f3n<\/b>&nbsp;cuando, los datos ya no sean necesarios para los fines que fueron recogidos; se haya revocado el consentimiento prestado o se se\u00f1ale no haberlo otorgado para uno o varios fines espec\u00edficos, sin necesidad de que medie justificaci\u00f3n alguna; los datos personales se hayan tratado de manera il\u00edcita; deban suprimirse para el cumplimiento de una obligaci\u00f3n legal; haya vencido el plazo de conservaci\u00f3n de los datos personales; o el tratamiento afecte derechos fundamentales o libertades individuales.<\/p>\n<p>Podr\u00e1 solicitar la&nbsp;<b>limitaci\u00f3n o suspensi\u00f3n<\/b>&nbsp;del tratamiento de sus datos cuando, impugne la exactitud de los datos personales durante el plazo que permita al responsable verificar la exactitud de los mismos; el tratamiento sea il\u00edcito y el interesado se oponga a la supresi\u00f3n de los datos personales y solicite en su lugar la limitaci\u00f3n de su uso; el responsable ya no necesite los datos personales para los fines del tratamiento, pero el interesado los necesite para la formulaci\u00f3n, el ejercicio o la defensa de reclamaciones; o el interesado se haya opuesto al tratamiento, mientras se verifica si los motivos leg\u00edtimos del responsable prevalecen sobre los del&nbsp;interesado. En tales casos, \u00fanicamente conservaremos los datos para el ejercicio o la defensa de reclamaciones.<\/p>\n<p>En determinadas circunstancias y por motivos relacionados con su situaci\u00f3n particular, usted podr\u00e1 <strong><b>oponerse<\/b><\/strong> al tratamiento de sus datos.&nbsp;GLOBALCO&nbsp;dejar\u00e1 de tratar los datos, salvo por motivos leg\u00edtimos imperiosos, o el ejercicio o la defensa de posibles reclamaciones.<\/p>\n<p>Tendr\u00e1 derecho a recibir los datos personales que le incumban, mediante el ejercicio del derecho a la<strong><b>&nbsp;portabilidad<\/b><\/strong>, y que haya facilitado, en un formato compatible, actualizado, estructurado, com\u00fan, inter-operable y de lectura mec\u00e1nica,&nbsp;y a transmitirlos a otro responsable del tratamiento sin que lo impida el responsable al que se los hubiera facilitado, cuando, el tratamiento este basado en el consentimiento; el tratamiento se efect\u00fae por medios automatizados; se trate de un volumen relevante de datos personales; o el tratamiento sea necesario para el cumplimiento de obligaciones y el ejercicio de derechos del responsable o encargado del tratamiento de datos personales, o del titular en el \u00e1mbito del derecho laboral y seguridad social. Dicha portabilidad ser\u00e1 econ\u00f3mica y financieramente eficiente, expedita y sin trabas.<\/p>\n<p>Si resulta de aplicaci\u00f3n, tiene derecho a no ser sometido a una decisi\u00f3n basada \u00fanica o parcialmente en valoraciones que sean producto de <strong>procesos automatizados<\/strong>, incluida la elaboraci\u00f3n de perfiles, que produzcan efectos jur\u00eddicos en su persona o que atenten contra sus derechos y libertades fundamentales.<\/p>\n<p>Finalmente, tiene derecho a la <strong><b>consulta<\/b><\/strong> p\u00fablica y gratuita del Registro Nacional de Protecci\u00f3n de Datos Personales de&nbsp;GLOBALCO, de conformidad con la presente Ley.<\/p>\n<p>Cuando las personas afectadas ejerzan los derechos anteriores deber\u00e1n comunicarlo por correo electr\u00f3nico a la direcci\u00f3n globalco@globalcointernational.com<\/p>\n<p>Asimismo, podr\u00e1 presentar una reclamaci\u00f3n ante la Autoridad de Control de Protecci\u00f3n de Datos que le resulte de aplicaci\u00f3n, as\u00ed como frente a la Superintendencia de Protecci\u00f3n de Datos de Ecuador, especialmente cuando no haya obtenido la satisfacci\u00f3n en el ejercicio de sus derechos.<\/p>\n<p><b>Procedencia:<\/b><\/p>\n<p>Los datos personales que tratamos en&nbsp;GLOBALCO&nbsp;proceden del propio interesado.<\/p>\n<p>Y en prueba de conformidad, quedo informado para los tratamientos detallados.<\/p>\t\t\t\t\t\t<\/div>\n\t\t\t\t<\/div>\n\t\t\t\t\t<\/div>\n\t\t<\/div>\n\t\t\t\t\t\t\t<\/div>\n\t\t<\/section>\n\t\t\t\t\t\t\t<\/div>\n\t\t","protected":false},"excerpt":{"rendered":"<p>Pol\u00edticas de Privacidad Informaci\u00f3n adicional En cumplimiento de lo establecido en la normativa de protecci\u00f3n de datos le informamos de los siguientes aspectos: Identificaci\u00f3n del Responsable de Tratamiento: Identidad: NINGBO GLOBALCO&nbsp;INTERNATIONAL TRADE CO., LTD (EN ADELANTE, GLOBALCO) Direcci\u00f3n: Ningbo, China.&nbsp; Correo electr\u00f3nico: globalco@globalcointernational.com Delegado de Protecci\u00f3n de Datos: globalco@globalcointernational.com Finalidad del Tratamiento de sus datos &#8230; <a title=\"Pol\u00edticas de Privacidad\" class=\"read-more\" href=\"https:\/\/globalcointernational.com\/index.php\/politicas-de-privacidad\/\" aria-label=\"M\u00e1s en Pol\u00edticas de Privacidad\">Leer m\u00e1s<\/a><\/p>\n","protected":false},"author":1,"featured_media":0,"parent":0,"menu_order":0,"comment_status":"closed","ping_status":"closed","template":"elementor_canvas","meta":{"footnotes":""},"yoast_head":"<!-- This site is optimized with the Yoast SEO plugin v21.5 - https:\/\/yoast.com\/wordpress\/plugins\/seo\/ -->\n<title>Pol\u00edticas de Privacidad - Globalco International<\/title>\n<meta name=\"robots\" content=\"index, follow, max-snippet:-1, max-image-preview:large, max-video-preview:-1\" \/>\n<link rel=\"canonical\" href=\"https:\/\/globalcointernational.com\/index.php\/politicas-de-privacidad\/\" \/>\n<meta property=\"og:locale\" content=\"es_ES\" \/>\n<meta property=\"og:type\" content=\"article\" \/>\n<meta property=\"og:title\" content=\"Pol\u00edticas de Privacidad - Globalco International\" \/>\n<meta property=\"og:description\" content=\"Pol\u00edticas de Privacidad Informaci\u00f3n adicional En cumplimiento de lo establecido en la normativa de protecci\u00f3n de datos le informamos de los siguientes aspectos: Identificaci\u00f3n del Responsable de Tratamiento: Identidad: NINGBO GLOBALCO&nbsp;INTERNATIONAL TRADE CO., LTD (EN ADELANTE, GLOBALCO) Direcci\u00f3n: Ningbo, China.&nbsp; Correo electr\u00f3nico: globalco@globalcointernational.com Delegado de Protecci\u00f3n de Datos: globalco@globalcointernational.com Finalidad del Tratamiento de sus datos ... Leer m\u00e1s\" \/>\n<meta property=\"og:url\" content=\"https:\/\/globalcointernational.com\/index.php\/politicas-de-privacidad\/\" \/>\n<meta property=\"og:site_name\" content=\"Globalco International\" \/>\n<meta property=\"article:modified_time\" content=\"2023-10-06T13:39:10+00:00\" \/>\n<meta name=\"twitter:card\" content=\"summary_large_image\" \/>\n<meta name=\"twitter:label1\" content=\"Tiempo de lectura\" \/>\n\t<meta name=\"twitter:data1\" content=\"5 minutos\" \/>\n<script type=\"application\/ld+json\" class=\"yoast-schema-graph\">{\"@context\":\"https:\/\/schema.org\",\"@graph\":[{\"@type\":\"WebPage\",\"@id\":\"https:\/\/globalcointernational.com\/index.php\/politicas-de-privacidad\/\",\"url\":\"https:\/\/globalcointernational.com\/index.php\/politicas-de-privacidad\/\",\"name\":\"Pol\u00edticas de Privacidad - Globalco International\",\"isPartOf\":{\"@id\":\"https:\/\/globalcointernational.com\/#website\"},\"datePublished\":\"2023-04-06T15:17:57+00:00\",\"dateModified\":\"2023-10-06T13:39:10+00:00\",\"breadcrumb\":{\"@id\":\"https:\/\/globalcointernational.com\/index.php\/politicas-de-privacidad\/#breadcrumb\"},\"inLanguage\":\"es\",\"potentialAction\":[{\"@type\":\"ReadAction\",\"target\":[\"https:\/\/globalcointernational.com\/index.php\/politicas-de-privacidad\/\"]}]},{\"@type\":\"BreadcrumbList\",\"@id\":\"https:\/\/globalcointernational.com\/index.php\/politicas-de-privacidad\/#breadcrumb\",\"itemListElement\":[{\"@type\":\"ListItem\",\"position\":1,\"name\":\"Portada\",\"item\":\"https:\/\/globalcointernational.com\/\"},{\"@type\":\"ListItem\",\"position\":2,\"name\":\"Pol\u00edticas de Privacidad\"}]},{\"@type\":\"WebSite\",\"@id\":\"https:\/\/globalcointernational.com\/#website\",\"url\":\"https:\/\/globalcointernational.com\/\",\"name\":\"Globalco International\",\"description\":\"Trading Company\",\"potentialAction\":[{\"@type\":\"SearchAction\",\"target\":{\"@type\":\"EntryPoint\",\"urlTemplate\":\"https:\/\/globalcointernational.com\/?s={search_term_string}\"},\"query-input\":\"required name=search_term_string\"}],\"inLanguage\":\"es\"}]}<\/script>\n<!-- \/ Yoast SEO plugin. -->","yoast_head_json":{"title":"Pol\u00edticas de Privacidad - Globalco International","robots":{"index":"index","follow":"follow","max-snippet":"max-snippet:-1","max-image-preview":"max-image-preview:large","max-video-preview":"max-video-preview:-1"},"canonical":"https:\/\/globalcointernational.com\/index.php\/politicas-de-privacidad\/","og_locale":"es_ES","og_type":"article","og_title":"Pol\u00edticas de Privacidad - Globalco International","og_description":"Pol\u00edticas de Privacidad Informaci\u00f3n adicional En cumplimiento de lo establecido en la normativa de protecci\u00f3n de datos le informamos de los siguientes aspectos: Identificaci\u00f3n del Responsable de Tratamiento: Identidad: NINGBO GLOBALCO&nbsp;INTERNATIONAL TRADE CO., LTD (EN ADELANTE, GLOBALCO) Direcci\u00f3n: Ningbo, China.&nbsp; Correo electr\u00f3nico: globalco@globalcointernational.com Delegado de Protecci\u00f3n de Datos: globalco@globalcointernational.com Finalidad del Tratamiento de sus datos ... Leer m\u00e1s","og_url":"https:\/\/globalcointernational.com\/index.php\/politicas-de-privacidad\/","og_site_name":"Globalco International","article_modified_time":"2023-10-06T13:39:10+00:00","twitter_card":"summary_large_image","twitter_misc":{"Tiempo de lectura":"5 minutos"},"schema":{"@context":"https:\/\/schema.org","@graph":[{"@type":"WebPage","@id":"https:\/\/globalcointernational.com\/index.php\/politicas-de-privacidad\/","url":"https:\/\/globalcointernational.com\/index.php\/politicas-de-privacidad\/","name":"Pol\u00edticas de Privacidad - Globalco International","isPartOf":{"@id":"https:\/\/globalcointernational.com\/#website"},"datePublished":"2023-04-06T15:17:57+00:00","dateModified":"2023-10-06T13:39:10+00:00","breadcrumb":{"@id":"https:\/\/globalcointernational.com\/index.php\/politicas-de-privacidad\/#breadcrumb"},"inLanguage":"es","potentialAction":[{"@type":"ReadAction","target":["https:\/\/globalcointernational.com\/index.php\/politicas-de-privacidad\/"]}]},{"@type":"BreadcrumbList","@id":"https:\/\/globalcointernational.com\/index.php\/politicas-de-privacidad\/#breadcrumb","itemListElement":[{"@type":"ListItem","position":1,"name":"Portada","item":"https:\/\/globalcointernational.com\/"},{"@type":"ListItem","position":2,"name":"Pol\u00edticas de Privacidad"}]},{"@type":"WebSite","@id":"https:\/\/globalcointernational.com\/#website","url":"https:\/\/globalcointernational.com\/","name":"Globalco International","description":"Trading Company","potentialAction":[{"@type":"SearchAction","target":{"@type":"EntryPoint","urlTemplate":"https:\/\/globalcointernational.com\/?s={search_term_string}"},"query-input":"required name=search_term_string"}],"inLanguage":"es"}]}},"_links":{"self":[{"href":"https:\/\/globalcointernational.com\/index.php\/wp-json\/wp\/v2\/pages\/172"}],"collection":[{"href":"https:\/\/globalcointernational.com\/index.php\/wp-json\/wp\/v2\/pages"}],"about":[{"href":"https:\/\/globalcointernational.com\/index.php\/wp-json\/wp\/v2\/types\/page"}],"author":[{"embeddable":true,"href":"https:\/\/globalcointernational.com\/index.php\/wp-json\/wp\/v2\/users\/1"}],"replies":[{"embeddable":true,"href":"https:\/\/globalcointernational.com\/index.php\/wp-json\/wp\/v2\/comments?post=172"}],"version-history":[{"count":7,"href":"https:\/\/globalcointernational.com\/index.php\/wp-json\/wp\/v2\/pages\/172\/revisions"}],"predecessor-version":[{"id":181,"href":"https:\/\/globalcointernational.com\/index.php\/wp-json\/wp\/v2\/pages\/172\/revisions\/181"}],"wp:attachment":[{"href":"https:\/\/globalcointernational.com\/index.php\/wp-json\/wp\/v2\/media?parent=172"}],"curies":[{"name":"wp","href":"https:\/\/api.w.org\/{rel}","templated":true}]}}